{"id":20,"date":"2021-08-30T12:53:29","date_gmt":"2021-08-30T15:53:29","guid":{"rendered":"https:\/\/creditosconfianca.com.br\/?page_id=20"},"modified":"2021-11-03T12:51:51","modified_gmt":"2021-11-03T15:51:51","slug":"planos","status":"publish","type":"page","link":"https:\/\/creditosconfianca.com.br\/index.php\/planos\/","title":{"rendered":"Planos"},"content":{"rendered":"<p>[et_pb_section fb_built=&#8221;1&#8243; _builder_version=&#8221;4.11.0&#8243; _module_preset=&#8221;default&#8221; background_color=&#8221;#232645&#8243; use_background_color_gradient=&#8221;on&#8221; background_color_gradient_start=&#8221;#c2a16d&#8221; background_color_gradient_end=&#8221;#232645&#8243; background_image=&#8221;https:\/\/creditosconfianca.com.br\/wp-content\/uploads\/2021\/10\/img-bg-planos.jpg&#8221; background_blend=&#8221;soft-light&#8221; global_colors_info=&#8221;{}&#8221;][et_pb_row _builder_version=&#8221;4.10.8&#8243; _module_preset=&#8221;default&#8221; global_colors_info=&#8221;{}&#8221;][et_pb_column type=&#8221;4_4&#8243; _builder_version=&#8221;4.10.8&#8243; _module_preset=&#8221;default&#8221; global_colors_info=&#8221;{}&#8221;][et_pb_text _builder_version=&#8221;4.11.0&#8243; _module_preset=&#8221;default&#8221; text_font=&#8221;Crimson Text|600||on|||||&#8221; text_text_color=&#8221;#FFFFFF&#8221; text_font_size=&#8221;48px&#8221; text_line_height=&#8221;40px&#8221; text_orientation=&#8221;center&#8221; custom_margin=&#8221;||10px||false|false&#8221; saved_tabs=&#8221;all&#8221; global_colors_info=&#8221;{}&#8221;]<\/p>\n<p>Planos<\/p>\n<p>[\/et_pb_text][et_pb_divider color=&#8221;#FFFFFF&#8221; divider_weight=&#8221;3px&#8221; _builder_version=&#8221;4.10.8&#8243; _module_preset=&#8221;default&#8221; width=&#8221;80px&#8221; module_alignment=&#8221;center&#8221; global_colors_info=&#8221;{}&#8221;][\/et_pb_divider][\/et_pb_column][\/et_pb_row][\/et_pb_section][et_pb_section fb_built=&#8221;1&#8243; module_id=&#8221;planos&#8221; _builder_version=&#8221;4.11.0&#8243; _module_preset=&#8221;default&#8221; background_color=&#8221;#FFFFFF&#8221; bottom_divider_style=&#8221;asymmetric2&#8243; bottom_divider_color=&#8221;#232645&#8243; bottom_divider_repeat=&#8221;1x&#8221; bottom_divider_flip=&#8221;horizontal&#8221; global_colors_info=&#8221;{}&#8221;][et_pb_row _builder_version=&#8221;4.10.8&#8243; _module_preset=&#8221;default&#8221; global_colors_info=&#8221;{}&#8221;][et_pb_column type=&#8221;4_4&#8243; _builder_version=&#8221;4.10.8&#8243; _module_preset=&#8221;default&#8221; global_colors_info=&#8221;{}&#8221;][et_pb_text _builder_version=&#8221;4.11.1&#8243; _module_preset=&#8221;default&#8221; text_font=&#8221;Crimson Text|600||on|||||&#8221; text_text_color=&#8221;#232645&#8243; text_font_size=&#8221;36px&#8221; text_line_height=&#8221;40px&#8221; text_orientation=&#8221;center&#8221; custom_margin=&#8221;||10px||false|false&#8221; text_orientation_tablet=&#8221;center&#8221; text_orientation_phone=&#8221;&#8221; text_orientation_last_edited=&#8221;on|phone&#8221; saved_tabs=&#8221;all&#8221; global_colors_info=&#8221;{}&#8221;]<\/p>\n<p>Simule seu cr\u00e9dito agora!<\/p>\n<p>[\/et_pb_text][et_pb_divider divider_weight=&#8221;3px&#8221; _builder_version=&#8221;4.11.0&#8243; _module_preset=&#8221;default&#8221; width=&#8221;80px&#8221; module_alignment=&#8221;center&#8221; global_colors_info=&#8221;{}&#8221;][\/et_pb_divider][\/et_pb_column][\/et_pb_row][et_pb_row column_structure=&#8221;1_3,1_3,1_3&#8243; use_custom_gutter=&#8221;on&#8221; gutter_width=&#8221;2&#8243; _builder_version=&#8221;4.11.0&#8243; _module_preset=&#8221;default&#8221; global_colors_info=&#8221;{}&#8221;][et_pb_column type=&#8221;1_3&#8243; _builder_version=&#8221;4.10.5&#8243; _module_preset=&#8221;default&#8221; global_colors_info=&#8221;{}&#8221;][et_pb_blurb title=&#8221;Autom\u00f3veis e Equipamentos&#8221; image=&#8221;https:\/\/creditosconfianca.com.br\/wp-content\/uploads\/2021\/09\/automobile.png&#8221; _builder_version=&#8221;4.11.0&#8243; _module_preset=&#8221;default&#8221; header_font=&#8221;|600||on|||||&#8221; header_text_align=&#8221;center&#8221; header_text_color=&#8221;#FFFFFF&#8221; body_font=&#8221;||||||||&#8221; body_text_color=&#8221;#FFFFFF&#8221; background_color=&#8221;#232645&#8243; text_orientation=&#8221;center&#8221; min_height=&#8221;300px&#8221; custom_padding=&#8221;40px|20px|0px|20px|false|false&#8221; global_colors_info=&#8221;{}&#8221;]<\/p>\n<p>Na Confian\u00e7a Cr\u00e9ditos voc\u00ea adquire o seu ve\u00edculo ZERO KM, seminovo, moto, van, caminh\u00e3o e maquin\u00e1rio atrav\u00e9s da carta de cr\u00e9dito com parcelas que cabem no seu bolso.<\/p>\n<p>[\/et_pb_blurb][et_pb_blurb title=&#8221;Im\u00f3veis&#8221; image=&#8221;https:\/\/creditosconfianca.com.br\/wp-content\/uploads\/2021\/09\/home3.png&#8221; disabled_on=&#8221;off|off|on&#8221; _builder_version=&#8221;4.11.0&#8243; _module_preset=&#8221;default&#8221; header_font=&#8221;|600||on|||||&#8221; header_text_align=&#8221;center&#8221; header_text_color=&#8221;#FFFFFF&#8221; body_font=&#8221;||||||||&#8221; body_text_color=&#8221;#FFFFFF&#8221; background_color=&#8221;#232645&#8243; text_orientation=&#8221;center&#8221; min_height=&#8221;300px&#8221; custom_padding=&#8221;40px|20px|0px|20px|false|false&#8221; locked=&#8221;off&#8221; global_colors_info=&#8221;{}&#8221;]<\/p>\n<p>A melhor maneira de conquista sua casa, apartamento, lote, s\u00edtio, constru\u00e7\u00e3o e reformas ou fazer o investimento que seu neg\u00f3cio precisa.<\/p>\n<p>[\/et_pb_blurb][et_pb_blurb title=&#8221;Servi\u00e7os&#8221; image=&#8221;https:\/\/creditosconfianca.com.br\/wp-content\/uploads\/2021\/09\/airplane.png&#8221; disabled_on=&#8221;on|on|off&#8221; _builder_version=&#8221;4.11.0&#8243; _module_preset=&#8221;default&#8221; header_font=&#8221;|600||on|||||&#8221; header_text_align=&#8221;center&#8221; header_text_color=&#8221;#FFFFFF&#8221; body_font=&#8221;||||||||&#8221; body_text_color=&#8221;#FFFFFF&#8221; background_color=&#8221;#232645&#8243; text_orientation=&#8221;center&#8221; min_height=&#8221;300px&#8221; custom_padding=&#8221;40px|20px|0px|20px|false|false&#8221; locked=&#8221;off&#8221; global_colors_info=&#8221;{}&#8221;]<\/p>\n<p>Saiba qual \u00e9 a melhor carta de cr\u00e9dito para sua viagem, cirurgia, festa, eletrodom\u00e9sticos e outros bens m\u00f3veis.<\/p>\n<p>[\/et_pb_blurb][\/et_pb_column][et_pb_column type=&#8221;1_3&#8243; _builder_version=&#8221;4.10.5&#8243; _module_preset=&#8221;default&#8221; global_colors_info=&#8221;{}&#8221;][et_pb_blurb title=&#8221;Im\u00f3veis&#8221; image=&#8221;https:\/\/creditosconfianca.com.br\/wp-content\/uploads\/2021\/09\/home3.png&#8221; disabled_on=&#8221;on|on|off&#8221; _builder_version=&#8221;4.11.0&#8243; _module_preset=&#8221;default&#8221; header_font=&#8221;|600||on|||||&#8221; header_text_align=&#8221;center&#8221; header_text_color=&#8221;#FFFFFF&#8221; body_font=&#8221;||||||||&#8221; body_text_color=&#8221;#FFFFFF&#8221; background_color=&#8221;#232645&#8243; text_orientation=&#8221;center&#8221; min_height=&#8221;300px&#8221; custom_padding=&#8221;40px|20px|0px|20px|false|false&#8221; locked=&#8221;off&#8221; global_colors_info=&#8221;{}&#8221;]<\/p>\n<p>A melhor maneira de conquista sua casa, apartamento, lote, s\u00edtio, constru\u00e7\u00e3o e reformas ou fazer o investimento que seu neg\u00f3cio precisa.<\/p>\n<p>[\/et_pb_blurb][et_pb_blurb title=&#8221;Servi\u00e7os&#8221; image=&#8221;https:\/\/creditosconfianca.com.br\/wp-content\/uploads\/2021\/09\/airplane.png&#8221; disabled_on=&#8221;off|off|on&#8221; _builder_version=&#8221;4.11.0&#8243; _module_preset=&#8221;default&#8221; header_font=&#8221;|600||on|||||&#8221; header_text_align=&#8221;center&#8221; header_text_color=&#8221;#FFFFFF&#8221; body_font=&#8221;||||||||&#8221; body_text_color=&#8221;#FFFFFF&#8221; background_color=&#8221;#232645&#8243; text_orientation=&#8221;center&#8221; min_height=&#8221;300px&#8221; custom_padding=&#8221;40px|20px|0px|20px|false|false&#8221; locked=&#8221;off&#8221; global_colors_info=&#8221;{}&#8221;]<\/p>\n<p>Saiba qual \u00e9 a melhor carta de cr\u00e9dito para sua viagem, cirurgia, festa, eletrodom\u00e9sticos e outros bens m\u00f3veis.<\/p>\n<p>[\/et_pb_blurb][et_pb_blurb title=&#8221;Transfer\u00eancia patrimonial&#8221; image=&#8221;https:\/\/creditosconfianca.com.br\/wp-content\/uploads\/2021\/09\/transfer-money-1.png&#8221; _builder_version=&#8221;4.11.0&#8243; _module_preset=&#8221;default&#8221; header_font=&#8221;|600||on|||||&#8221; header_text_align=&#8221;center&#8221; header_text_color=&#8221;#FFFFFF&#8221; body_font=&#8221;||||||||&#8221; body_text_color=&#8221;#FFFFFF&#8221; background_color=&#8221;#232645&#8243; text_orientation=&#8221;center&#8221; min_height=&#8221;300px&#8221; custom_padding=&#8221;40px|20px|0px|20px|false|false&#8221; locked=&#8221;off&#8221; global_colors_info=&#8221;{}&#8221;]<\/p>\n<p>A Confian\u00e7a Cr\u00e9ditos possui uma equipe capacitada para realizar as suas demandas de transfer\u00eancia patrimonial com a maior comodidade.<\/p>\n<p>[\/et_pb_blurb][\/et_pb_column][et_pb_column type=&#8221;1_3&#8243; _builder_version=&#8221;4.11.0&#8243; _module_preset=&#8221;default&#8221; global_colors_info=&#8221;{}&#8221;][et_pb_code module_id=&#8221;form-lead&#8221; _builder_version=&#8221;4.12.1&#8243; _module_preset=&#8221;default&#8221; background_color=&#8221;#232645&#8243; text_orientation=&#8221;center&#8221; width_tablet=&#8221;60%&#8221; width_phone=&#8221;100%&#8221; width_last_edited=&#8221;on|phone&#8221; custom_margin=&#8221;30px||||false|false&#8221; custom_padding=&#8221;20px|20px|20px|20px|false|false&#8221; animation_style=&#8221;zoom&#8221; module_alignment_tablet=&#8221;center&#8221; module_alignment_phone=&#8221;&#8221; module_alignment_last_edited=&#8221;on|desktop&#8221; box_shadow_style=&#8221;preset4&#8243; global_colors_info=&#8221;{}&#8221; global_module=&#8221;650&#8243; theme_builder_area=&#8221;post_content&#8221;]<\/p>\n<h2><!-- [et_pb_line_break_holder] -->  SIMULADOR DE CR\u00c9DITO<!-- [et_pb_line_break_holder] --><\/h2>\n<p><!-- [et_pb_line_break_holder] --><div class=\"wpforms-container wpforms-container-full\" id=\"wpforms-276\"><form id=\"wpforms-form-276\" class=\"wpforms-validate wpforms-form wpforms-ajax-form\" data-formid=\"276\" method=\"post\" enctype=\"multipart\/form-data\" action=\"\/index.php\/wp-json\/wp\/v2\/pages\/20\" data-token=\"b10a4b8b9819a0632afc428a6f90ded3\"><noscript class=\"wpforms-error-noscript\">Ative o JavaScript no seu navegador para preencher este formul\u00e1rio.<\/noscript><div class=\"wpforms-field-container\"><div id=\"wpforms-276-field_1-container\" class=\"wpforms-field wpforms-field-select campos-form-lead wpforms-field-select-style-classic\" data-field-id=\"1\"><label class=\"wpforms-field-label wpforms-label-hide\" for=\"wpforms-276-field_1\">Tipo de cr\u00e9dito <span class=\"wpforms-required-label\">*<\/span><\/label><select id=\"wpforms-276-field_1\" class=\"wpforms-field-medium wpforms-field-required\" name=\"wpforms[fields][1]\" required=\"required\"><option value=\"\" class=\"placeholder\" disabled  selected='selected'>Tipo de Cr\u00e9dito<\/option><option value=\"Im\u00f3vel\" >Im\u00f3vel<\/option><option value=\"Autom\u00f3vel\" >Autom\u00f3vel<\/option><option value=\"Moto\" >Moto<\/option><option value=\"Caminh\u00e3o\" >Caminh\u00e3o<\/option><option value=\"Maquin\u00e1rio \" >Maquin\u00e1rio <\/option><option value=\"Capital Giro\" >Capital Giro<\/option><option value=\"Servi\u00e7os\" >Servi\u00e7os<\/option><\/select><\/div><div id=\"wpforms-276-field_2-container\" class=\"wpforms-field wpforms-field-name campos-form-lead\" data-field-id=\"2\"><label class=\"wpforms-field-label wpforms-label-hide\" for=\"wpforms-276-field_2\">Nome <span class=\"wpforms-required-label\">*<\/span><\/label><input type=\"text\" id=\"wpforms-276-field_2\" class=\"wpforms-field-medium wpforms-field-required\" name=\"wpforms[fields][2]\" placeholder=\"Nome Completo\" required><\/div><div id=\"wpforms-276-field_3-container\" class=\"wpforms-field wpforms-field-email campos-form-lead\" data-field-id=\"3\"><label class=\"wpforms-field-label wpforms-label-hide\" for=\"wpforms-276-field_3\">E-mail <span class=\"wpforms-required-label\">*<\/span><\/label><input type=\"email\" id=\"wpforms-276-field_3\" class=\"wpforms-field-medium wpforms-field-required\" name=\"wpforms[fields][3]\" placeholder=\"E-mail\" required><\/div><div id=\"wpforms-276-field_8-container\" class=\"wpforms-field wpforms-field-text campos-form-lead\" data-field-id=\"8\"><label class=\"wpforms-field-label wpforms-label-hide\" for=\"wpforms-276-field_8\">Telefone <span class=\"wpforms-required-label\">*<\/span><\/label><input type=\"text\" id=\"wpforms-276-field_8\" class=\"wpforms-field-medium wpforms-field-required wpforms-masked-input\" data-inputmask-mask=\"(99) 9999-9999[9]\" data-rule-empty-blanks=\"1\" name=\"wpforms[fields][8]\" placeholder=\"(00) 00000-0000\" required><\/div><div id=\"wpforms-276-field_9-container\" class=\"wpforms-field wpforms-field-text campos-form-lead\" data-field-id=\"9\"><label class=\"wpforms-field-label wpforms-label-hide\" for=\"wpforms-276-field_9\">Valor do Cr\u00e9dito <span class=\"wpforms-required-label\">*<\/span><\/label><input type=\"text\" id=\"wpforms-276-field_9\" class=\"wpforms-field-medium wpforms-field-required wpforms-masked-input\" data-inputmask-alias=\"currency\" name=\"wpforms[fields][9]\" placeholder=\"Valor do Cr\u00e9dito\" required><\/div><\/div><div class=\"wpforms-submit-container\"><input type=\"hidden\" name=\"wpforms[id]\" value=\"276\"><input type=\"hidden\" name=\"wpforms[author]\" value=\"1\"><button type=\"submit\" name=\"wpforms[submit]\" id=\"wpforms-submit-276\" class=\"wpforms-submit\" data-alt-text=\"Enviando...\" data-submit-text=\"Simular\" aria-live=\"assertive\" value=\"wpforms-submit\">Simular<\/button><img loading=\"lazy\" decoding=\"async\" src=\"https:\/\/creditosconfianca.com.br\/wp-content\/plugins\/wpforms\/assets\/images\/submit-spin.svg\" class=\"wpforms-submit-spinner\" style=\"display: none;\" width=\"26\" height=\"26\" alt=\"\"><\/div><\/form><\/div>  <!-- .wpforms-container -->[\/et_pb_code][\/et_pb_column][\/et_pb_row][et_pb_row _builder_version=&#8221;4.11.0&#8243; _module_preset=&#8221;default&#8221; global_module=&#8221;481&#8243; saved_tabs=&#8221;all&#8221; global_colors_info=&#8221;{}&#8221;][et_pb_column type=&#8221;4_4&#8243; _builder_version=&#8221;4.11.0&#8243; _module_preset=&#8221;default&#8221; global_colors_info=&#8221;{}&#8221;][et_pb_button button_url=&#8221;@ET-DC@eyJkeW5hbWljIjp0cnVlLCJjb250ZW50IjoiaG9tZV91cmwiLCJzZXR0aW5ncyI6e319@&#8221; button_text=&#8221;Voltar&#8221; _builder_version=&#8221;4.11.1&#8243; _dynamic_attributes=&#8221;button_url&#8221; _module_preset=&#8221;default&#8221; global_colors_info=&#8221;{}&#8221; button_bg_color__hover_enabled=&#8221;on|hover&#8221; button_bg_color__hover=&#8221;#c18f3e&#8221; button_bg_enable_color__hover=&#8221;on&#8221;][\/et_pb_button][\/et_pb_column][\/et_pb_row][\/et_pb_section]<\/p>\n","protected":false},"excerpt":{"rendered":"<p>PlanosSimule seu cr\u00e9dito agora!Na Confian\u00e7a Cr\u00e9ditos voc\u00ea adquire o seu ve\u00edculo ZERO KM, seminovo, moto, van, caminh\u00e3o e maquin\u00e1rio atrav\u00e9s da carta de cr\u00e9dito com parcelas que cabem no seu bolso.A melhor maneira de conquista sua casa, apartamento, lote, s\u00edtio, constru\u00e7\u00e3o e reformas ou fazer o investimento que seu neg\u00f3cio precisa.Saiba qual \u00e9 a melhor [&hellip;]<\/p>\n","protected":false},"author":1,"featured_media":0,"parent":0,"menu_order":0,"comment_status":"closed","ping_status":"closed","template":"","meta":{"_et_pb_use_builder":"on","_et_pb_old_content":"","_et_gb_content_width":"","footnotes":""},"class_list":["post-20","page","type-page","status-publish","hentry"],"yoast_head":"<!-- This site is optimized with the Yoast SEO plugin v27.5 - https:\/\/yoast.com\/product\/yoast-seo-wordpress\/ -->\n<title>Planos - Confian\u00e7a Cr\u00e9ditos<\/title>\n<meta name=\"robots\" content=\"index, follow, max-snippet:-1, max-image-preview:large, max-video-preview:-1\" \/>\n<link rel=\"canonical\" href=\"https:\/\/creditosconfianca.com.br\/index.php\/planos\/\" \/>\n<meta property=\"og:locale\" content=\"pt_BR\" \/>\n<meta property=\"og:type\" content=\"article\" \/>\n<meta property=\"og:title\" content=\"Planos - Confian\u00e7a Cr\u00e9ditos\" \/>\n<meta property=\"og:description\" content=\"PlanosSimule seu cr\u00e9dito agora!Na Confian\u00e7a Cr\u00e9ditos voc\u00ea adquire o seu ve\u00edculo ZERO KM, seminovo, moto, van, caminh\u00e3o e maquin\u00e1rio atrav\u00e9s da carta de cr\u00e9dito com parcelas que cabem no seu bolso.A melhor maneira de conquista sua casa, apartamento, lote, s\u00edtio, constru\u00e7\u00e3o e reformas ou fazer o investimento que seu neg\u00f3cio precisa.Saiba qual \u00e9 a melhor [&hellip;]\" \/>\n<meta property=\"og:url\" content=\"https:\/\/creditosconfianca.com.br\/index.php\/planos\/\" \/>\n<meta property=\"og:site_name\" content=\"Confian\u00e7a Cr\u00e9ditos\" \/>\n<meta property=\"article:modified_time\" content=\"2021-11-03T15:51:51+00:00\" \/>\n<meta name=\"twitter:card\" content=\"summary_large_image\" \/>\n<meta name=\"twitter:label1\" content=\"Est. tempo de leitura\" \/>\n\t<meta name=\"twitter:data1\" content=\"5 minutos\" \/>\n<script type=\"application\/ld+json\" class=\"yoast-schema-graph\">{\"@context\":\"https:\\\/\\\/schema.org\",\"@graph\":[{\"@type\":\"WebPage\",\"@id\":\"https:\\\/\\\/creditosconfianca.com.br\\\/index.php\\\/planos\\\/\",\"url\":\"https:\\\/\\\/creditosconfianca.com.br\\\/index.php\\\/planos\\\/\",\"name\":\"Planos - Confian\u00e7a Cr\u00e9ditos\",\"isPartOf\":{\"@id\":\"https:\\\/\\\/creditosconfianca.com.br\\\/#website\"},\"datePublished\":\"2021-08-30T15:53:29+00:00\",\"dateModified\":\"2021-11-03T15:51:51+00:00\",\"breadcrumb\":{\"@id\":\"https:\\\/\\\/creditosconfianca.com.br\\\/index.php\\\/planos\\\/#breadcrumb\"},\"inLanguage\":\"pt-BR\",\"potentialAction\":[{\"@type\":\"ReadAction\",\"target\":[\"https:\\\/\\\/creditosconfianca.com.br\\\/index.php\\\/planos\\\/\"]}]},{\"@type\":\"BreadcrumbList\",\"@id\":\"https:\\\/\\\/creditosconfianca.com.br\\\/index.php\\\/planos\\\/#breadcrumb\",\"itemListElement\":[{\"@type\":\"ListItem\",\"position\":1,\"name\":\"In\u00edcio\",\"item\":\"https:\\\/\\\/creditosconfianca.com.br\\\/\"},{\"@type\":\"ListItem\",\"position\":2,\"name\":\"Planos\"}]},{\"@type\":\"WebSite\",\"@id\":\"https:\\\/\\\/creditosconfianca.com.br\\\/#website\",\"url\":\"https:\\\/\\\/creditosconfianca.com.br\\\/\",\"name\":\"Confian\u00e7a Cr\u00e9ditos\",\"description\":\"Voc\u00ea mais perto do seu sonho!\",\"potentialAction\":[{\"@type\":\"SearchAction\",\"target\":{\"@type\":\"EntryPoint\",\"urlTemplate\":\"https:\\\/\\\/creditosconfianca.com.br\\\/?s={search_term_string}\"},\"query-input\":{\"@type\":\"PropertyValueSpecification\",\"valueRequired\":true,\"valueName\":\"search_term_string\"}}],\"inLanguage\":\"pt-BR\"}]}<\/script>\n<!-- \/ Yoast SEO plugin. -->","yoast_head_json":{"title":"Planos - Confian\u00e7a Cr\u00e9ditos","robots":{"index":"index","follow":"follow","max-snippet":"max-snippet:-1","max-image-preview":"max-image-preview:large","max-video-preview":"max-video-preview:-1"},"canonical":"https:\/\/creditosconfianca.com.br\/index.php\/planos\/","og_locale":"pt_BR","og_type":"article","og_title":"Planos - Confian\u00e7a Cr\u00e9ditos","og_description":"PlanosSimule seu cr\u00e9dito agora!Na Confian\u00e7a Cr\u00e9ditos voc\u00ea adquire o seu ve\u00edculo ZERO KM, seminovo, moto, van, caminh\u00e3o e maquin\u00e1rio atrav\u00e9s da carta de cr\u00e9dito com parcelas que cabem no seu bolso.A melhor maneira de conquista sua casa, apartamento, lote, s\u00edtio, constru\u00e7\u00e3o e reformas ou fazer o investimento que seu neg\u00f3cio precisa.Saiba qual \u00e9 a melhor [&hellip;]","og_url":"https:\/\/creditosconfianca.com.br\/index.php\/planos\/","og_site_name":"Confian\u00e7a Cr\u00e9ditos","article_modified_time":"2021-11-03T15:51:51+00:00","twitter_card":"summary_large_image","twitter_misc":{"Est. tempo de leitura":"5 minutos"},"schema":{"@context":"https:\/\/schema.org","@graph":[{"@type":"WebPage","@id":"https:\/\/creditosconfianca.com.br\/index.php\/planos\/","url":"https:\/\/creditosconfianca.com.br\/index.php\/planos\/","name":"Planos - Confian\u00e7a Cr\u00e9ditos","isPartOf":{"@id":"https:\/\/creditosconfianca.com.br\/#website"},"datePublished":"2021-08-30T15:53:29+00:00","dateModified":"2021-11-03T15:51:51+00:00","breadcrumb":{"@id":"https:\/\/creditosconfianca.com.br\/index.php\/planos\/#breadcrumb"},"inLanguage":"pt-BR","potentialAction":[{"@type":"ReadAction","target":["https:\/\/creditosconfianca.com.br\/index.php\/planos\/"]}]},{"@type":"BreadcrumbList","@id":"https:\/\/creditosconfianca.com.br\/index.php\/planos\/#breadcrumb","itemListElement":[{"@type":"ListItem","position":1,"name":"In\u00edcio","item":"https:\/\/creditosconfianca.com.br\/"},{"@type":"ListItem","position":2,"name":"Planos"}]},{"@type":"WebSite","@id":"https:\/\/creditosconfianca.com.br\/#website","url":"https:\/\/creditosconfianca.com.br\/","name":"Confian\u00e7a Cr\u00e9ditos","description":"Voc\u00ea mais perto do seu sonho!","potentialAction":[{"@type":"SearchAction","target":{"@type":"EntryPoint","urlTemplate":"https:\/\/creditosconfianca.com.br\/?s={search_term_string}"},"query-input":{"@type":"PropertyValueSpecification","valueRequired":true,"valueName":"search_term_string"}}],"inLanguage":"pt-BR"}]}},"_links":{"self":[{"href":"https:\/\/creditosconfianca.com.br\/index.php\/wp-json\/wp\/v2\/pages\/20","targetHints":{"allow":["GET"]}}],"collection":[{"href":"https:\/\/creditosconfianca.com.br\/index.php\/wp-json\/wp\/v2\/pages"}],"about":[{"href":"https:\/\/creditosconfianca.com.br\/index.php\/wp-json\/wp\/v2\/types\/page"}],"author":[{"embeddable":true,"href":"https:\/\/creditosconfianca.com.br\/index.php\/wp-json\/wp\/v2\/users\/1"}],"replies":[{"embeddable":true,"href":"https:\/\/creditosconfianca.com.br\/index.php\/wp-json\/wp\/v2\/comments?post=20"}],"version-history":[{"count":13,"href":"https:\/\/creditosconfianca.com.br\/index.php\/wp-json\/wp\/v2\/pages\/20\/revisions"}],"predecessor-version":[{"id":653,"href":"https:\/\/creditosconfianca.com.br\/index.php\/wp-json\/wp\/v2\/pages\/20\/revisions\/653"}],"wp:attachment":[{"href":"https:\/\/creditosconfianca.com.br\/index.php\/wp-json\/wp\/v2\/media?parent=20"}],"curies":[{"name":"wp","href":"https:\/\/api.w.org\/{rel}","templated":true}]}}